. Let z be d(1). Suppose -19 + z = 4*b, -x + 3*b + 8 = 0. What is the tens digit of 2/(1/(-24)*x)?
1
Suppose -5*a + 5*c = -1255, 4*c - 619 + 117 = -2*a. What is the units digit of a?
1
Let f = -284 + 591. What is the units digit of f?
7
Suppose -7*l = -3*l + 36. What is the units digit of ((-12)/l)/((-8)/(-72))?
2
What is the units digit of (-3036)/(-1) - (59 - 63)?
0
Suppose 3*j + 3567 = 5*h, -3*h + 4*j + 2140 = 2*j. Suppose -u - 4 = -0*u. What is the units digit of h/35 - u/(-10)?
0
Let a be (-3 + -1)*(-90)/72. Suppose -4*l = a*j - 1041, 0 = 4*j + 3*l - l - 828. What is the units digit of j?
5
Let s = -73 - 165. Let b = s + 405. What is the hundreds digit of b?
1
Suppose 5*m + 70 + 25 = 0. Let o = 47 + 10. Let u = o + m. What is the tens digit of u?
3
Let c = -3 + 9. Suppose -4*y + 188 = -2*d, 4*y - c = -4*d + 158. What is the tens digit of 2/(-9) + 685/y?
1
Let n(v) = 115*v - 312. What is the thousands digit of n(35)?
3
Suppose -7558 = -3*z + 5*k, -5*z + 4*z = -k - 2516. What is the units digit of z?
1
What is the thousands digit of -579*(2/(-11) + (-2624)/1056)?
1
Let d(u) = -277*u + 40. What is the units digit of d(-2)?
4
Let j be (-1 + -1)/(-5 - (-2 - 2)). Suppose 0 = j*n - 14*n + 1476. What is the tens digit of n?
2
Suppose -21 = 3*s + 2*f, 7*s + 28 = 3*s - 2*f. Let m = 75 - s. What is the units digit of m?
2
Let i(r) = -r**2 - 10*r - 7. Let u be i(-8). Let x be 836/36 - 2/u. Suppose 5*w - x = -2*b, 0 = -b - 3*w + 9. What is the units digit of b?
4
Let p = 4 - 2. Let q(i) = 2*i**2 + 10903 + 5*i**2 + 2*i - 10906. What is the units digit of q(p)?
9
Let p(c) = -706*c + 338. What is the thousands digit of p(-4)?
3
Let x(v) = -2*v - 1. Let s be x(-2). Suppose 3*g = s*k - 603, -32 = -k - 3*g + 149. What is the tens digit of k?
9
Let w be (1 + -259)*16/(-8). Suppose 20*k = 24*k - w. What is the hundreds digit of k?
1
Suppose -10 = 2*m - 86. Let j(a) = -3*a - 1. Let c be j(-8). Let k = m - c. What is the units digit of k?
5
Let q = -208 - -462. What is the tens digit of q?
5
Suppose -5*i + a = -10, -2*i = -5*a - 1 - 3. Let w be (i + -35)*(-8)/12. Let k = w + -1. What is the units digit of k?
1
Suppose 3*f + 16 = 1. Let g(p) = -p**2 + 1. Let r be g(f). What is the units digit of 8/6*r/(-16)?
2
Let o(c) = 19*c**3 - 3*c**2 - 8*c - 7. What is the thousands digit of o(4)?
1
Let i(x) = x**2 + 2*x - 3. Let n be i(-4). Let w = -1 + n. Suppose j + 84 = w*j. What is the units digit of j?
8
Suppose 0 = 5*p + 2*h, -2*p + 2*h = 2*p. What is the tens digit of p/4 + 187 + 1?
8
Let u be ((3 - 3)/5)/(0 + 1). Suppose -4*i + u*i = -464. What is the units digit of i?
6
Suppose -20*r + 16635 + 10925 = 0. What is the hundreds digit of r?
3
Let f be 2/(-3) + 24/9. Let s(d) = 1 - d**3 + 5*d**2 + f*d**3 + 10*d + 8 + 4*d**2. What is the units digit of s(-7)?
7
Let c(i) = -i**2 - 1. Let t(r) = 14*r**2 + 4*r + 10. Let m(g) = 12*c(g) + t(g). Let k be (2 - 0)/6*9. What is the units digit of m(k)?
8
Let b be (-8)/(-10)*15/6. Suppose -2 = 3*q - b*j + 10, -8 = 2*q - 4*j. What is the tens digit of 2 + q - 29/(-1)?
2
Let a(b) = 2*b + 2. Let k be (4/12)/(1/33). What is the units digit of a(k)?
4
Let i(w) = -2*w - 5. Let j be i(-2). Let l(a) = -67*a**3. What is the units digit of l(j)?
7
What is the units digit of ((-1)/3)/(6/(-558))?
1
Let a = 241 + -198. What is the units digit of a?
3
Suppose 11 = 5*h + 1. Let r(o) = 2*o**2 - 3*o**h - 10*o - 3 + 0*o**2. What is the tens digit of r(-7)?
1
Let a = 282 + -110. What is the units digit of a?
2
Suppose 0 = -49*b + 18*b + 3441. What is the hundreds digit of b?
1
What is the units digit of ((-234)/8)/(-3 - (-585)/200)?
0
What is the hundreds digit of (-6593 - -55)/(0 + -2)?
2
Let x(z) = z**2 + 2*z - 1. Let q be x(-3). Suppose 0 = -q*w - 2*w + 288. What is the tens digit of w?
7
Let f = 8 + -6. Suppose 0 = -2*n - f*r - 4 + 74, -1 = r. Suppose 0*y - n = -4*c - y, 5*c - 2*y = 45. What is the units digit of c?
9
Suppose 2*d + 4*a - 670 = 1142, 5*a - 903 = -d. What is the tens digit of d?
0
Suppose -5*o + 4 = -4*o. Suppose 2*g + g + k = -o, -k - 4 = 0. Let q = 6 + g. What is the units digit of q?
6
Let k = -636 - -1273. What is the tens digit of k?
3
Let h = -946 - -1515. What is the hundreds digit of h?
5
Suppose 0 = 3*i + 828 - 2082. What is the tens digit of i?
1
Suppose 4*h = -2*g + 750 + 1254, -5*g = 2*h - 4986. What is the units digit of g?
6
Let g(w) = -w**3 + 27*w**2 - 11*w - 5. What is the tens digit of g(26)?
8
Let b(n) = -177*n + 1. Let q be b(3). Let l = -188 - q. Suppose -4*t + a = -190, -l + 115 = -5*t - 4*a. What is the units digit of t?
7
Let j(z) = 12*z**2 + 5*z - 18. What is the hundreds digit of j(9)?
9
Suppose -2*y = 2*r + y - 1073, -2*r - 2*y = -1078. What is the hundreds digit of r?
5
Let r(s) = -s - 13. Let u be r(-13). Suppose u*d + 3*d = 57. Let b = 31 - d. What is the units digit of b?
2
Suppose 0 = -52*i + 48*i + 11020. What is the hundreds digit of i?
7
Suppose -y - 8*y + 1512 = 0. Let q = -89 + y. What is the units digit of q?
9
Let l(r) = -4 + 2 - 3 - r + 2. Let q be l(-3). Suppose 4*z - 19 - 37 = q. What is the units digit of z?
4
Let n(y) = 2*y + 13. Let s(j) = -j - 13. Let x(o) = 3*n(o) + 2*s(o). What is the units digit of x(7)?
1
Let k(t) be the third derivative of 7/24*t**4 + 3*t**2 + 0*t + 0 + 5/6*t**3. What is the units digit of k(3)?
6
Let x(k) = -12*k + k + 4 - k**3 + 8*k**2 + 0*k. Suppose -11*p + 98 = 32. What is the tens digit of x(p)?
1
Suppose -4*h = -i, 3*i + 0*h = -h - 13. Let a be (i/8)/((-2)/16). Suppose 33 = 3*y + 3*r, a*y - r - 1 = 18. What is the units digit of y?
6
Let j = -28 - -28. Suppose -u + 5*u - 188 = j. What is the units digit of u?
7
Suppose 5*w + 1466 = 2*r - 151, -3*w = -9. What is the hundreds digit of r?
8
Let k(x) = x**3 - 10*x**2 + 9*x - 3. Let v be k(9). Let a be v*2/(-12)*4. Suppose -5*n - p + 94 = 0, a*p - 4 + 14 = n. What is the tens digit of n?
1
Let m = 22 + -16. Let v(u) = -u**3 + 6*u**2 + 6*u - 6. What is the units digit of v(m)?
0
Suppose 4*b = 10 + 6. Let a be 735/27 - b/18. Let d = a + -17. What is the tens digit of d?
1
Let j(f) = 2*f**3 - 3*f**2 - 63*f - 1. What is the units digit of j(10)?
9
Suppose -2*v + k = 4*k - 1448, -3*k = 3*v - 2175. Suppose -8*f + 579 = -4*f + 5*q, 5*f - v = -3*q. What is the hundreds digit of f?
1
Let v be (-87)/(-6) + 1/2. Suppose -t + v = 5*r + t, 25 = -5*t. What is the units digit of (-3)/r + 390/25?
5
Suppose c - 2*s = 5*c - 26, c - 4*s = -16. Let z(d) = -2*d + c + d**3 + 3*d + 0 - d**2. What is the tens digit of z(3)?
2
Suppose -27*z = -22*z. Suppose z = 12*m + 117 - 1593. What is the hundreds digit of m?
1
Suppose 47*h = 25422 + 101149. What is the tens digit of h?
9
Suppose -d + 4100 = 8*w - 6*w, 2*d - 4 = 0. What is the tens digit of w?
4
What is the units digit of 2/12 - 59878/(-84)?
3
Suppose -2*w = -5*n + 55, 4*w + 80 = -0*w + 4*n. Let m = 18 + w. What is the units digit of m?
3
Suppose 13 = 5*l - 2*j, l + 5*j - 17 = -3*l. Suppose 0 = -2*o - 0*o + g + 420, -637 = -l*o - 2*g. What is the hundreds digit of o?
2
Suppose -893*w + 883*w + 35920 = 0. What is the hundreds digit of w?
5
Let y(i) = i**3 - 7*i**2 - 7*i + 3. Let o be (-3)/12 + (-66)/(-8). Let p be y(o). Suppose 16*d - 30 = p*d. What is the units digit of d?
6
Let n = 1727 + -965. Suppose 18*p = n + 678. What is the tens digit of p?
8
Let z(p) = -p**3 - 3*p**2 + p - 2. Let a be z(-3). Let u(r) = -r. Let t(d) = -d**2 - 2*d + 7. Let v(n) = -t(n) + 6*u(n). What is the tens digit of v(a)?
3
Suppose -5*h + 8555 = n, 111 = -2*n + 101. What is the tens digit of h?
1
Suppose -5*r + 6*w = 2*w - 38, -4*r + w = -26. What is the hundreds digit of 123 - (-20)/15*(-9)/r?
1
Suppose 0 = 3*g - m - 10698, 3*m = -5*g - 3800 + 21644. What is the tens digit of g?
6
What is the tens digit of 3526 - (5 - (12 + -1))?
3
Let r be (-5)/(-1) - (14 + -10). Let l be 9 + 4 - r - 4. Suppose -3*n + l*n = 120. What is the tens digit of n?
2
Suppose -l = -3*w + 49, 2*l = -4*w - 0*l + 72. Let p = 16 - w. Let u = 8 - p. What is the units digit of u?
9
Let o(d) = -d - 7. Let i be o(-13). What is the units digit of 10*i/15 - (2 - 314)?
6
Let v = -29 + -8. Let g = v - -76. What is the units digit of g?
9
Let s(j) = 645*j**3 + 2*j**2 + 16*j - 38. What is the tens digit of s(2)?
6
Let y(c) be the first deri